uppose b = -4*n + 211 - a. What is the highest common divisor of 13 and n?
13
Suppose -5*u - 3*n + 1 + 8 = 0, -2*n = -2*u + 10. Suppose 3*y = -4*i + 753, -5*i - 4*y + 374 = -u*i. Calculate the greatest common divisor of 27 and i.
27
Let a be (144/(-63))/(-16)*259. Calculate the highest common factor of a and 1.
1
Suppose 2*p - 633 = 3*q, 951 = -49*p + 52*p - 3*q. What is the highest common factor of 53 and p?
53
Let t be 2413 - (215 + -20)/15. Calculate the highest common divisor of 1050 and t.
150
Suppose -5*c - 5*z = -3*c + 13, z - 1 = -4*c. Let y be 0 + ((-238)/35)/(c/(-5)). Let n = y - 2. Calculate the greatest common factor of n and 4.
4
Suppose 10 = 2*v + 6. Suppose 2*i - o - o + v = 0, -5*i - 3*o + 11 = 0. Let u = -8 + 13. What is the highest common factor of i and u?
1
Let j(i) = -i**2 - 15*i - 42. Let t be j(-12). Let n = t - -28. Suppose 7*a - n = 356. What is the greatest common divisor of a and 36?
18
Let z = 16 - 13. Let u(f) = -3*f**2 - 6*f + 207*f**3 - 9 - 206*f**3 + 11*f**2. Let x be u(-8). Calculate the highest common factor of x and z.
3
Suppose 9*v - 14406 = 4*f, -53*f + 3 = -52*f. Calculate the highest common divisor of 90 and v.
18
Suppose 4*d = -0*s + 3*s - 296, -4*s + d + 399 = 0. Let v = -14453 - -14461. What is the greatest common divisor of s and v?
4
Let z be 4 - ((-64752)/4)/12. What is the greatest common factor of 66 and z?
33
Let m = -47 - -56. Suppose 0*v - 10*v + 2700 = 0. Calculate the highest common factor of m and v.
9
Suppose f + 4*m = 19 + 10, -5*f - 3*m = -145. Suppose t - f = -2. What is the greatest common divisor of 9 and t?
9
Suppose -50*s = -6*s - 2200. What is the greatest common factor of s and 125?
25
Suppose -4*r + 2*o + 14 = 0, 3*o + 5 = 2*r - 4. Let p = 314 + -300. Let x be p/14*(3 - 0). What is the highest common factor of r and x?
3
Let q be (1 + -5)/((-2)/8). Let l be (-20)/90 + 212/(-18). Let i be 16/3*(-18)/l. What is the greatest common factor of q and i?
8
Let l(g) = 36*g**2 - 2. Let w be l(-3). Let u(v) = v**3 - 60*v**2 - 469*v + 42. Let q be u(67). What is the greatest common divisor of w and q?
14
Suppose -135*y + 22718 + 4610 = -13*y. Calculate the greatest common factor of y and 154.
14
Let k be -8*(-95)/(-50)*-35. What is the highest common factor of 228 and k?
76
Let b(g) = 3*g**2 + 5*g + 66. Let l(d) = -d**2 - 2*d - 33. Let f(w) = 2*b(w) + 5*l(w). Let p be f(9). Calculate the greatest common divisor of 600 and p.
24
Suppose -5*x - 1422 = 538. Let l = x - -457. Calculate the greatest common divisor of 15 and l.
5
Suppose 3*m = -4*a - 2240, -2*a - 2268 = 2*a - 4*m. Let y = -160 - a. What is the highest common factor of 62 and y?
31
Let b(q) = 156*q**2 - 22*q + 10. Let g be b(-1). What is the greatest common factor of 4794 and g?
94
Let a = -30 + 84. Let f = -9 + a. Calculate the highest common factor of f and 5.
5
Let w be 1/((-2)/(-26))*8. Let x = w - 70. Calculate the highest common divisor of x and 850.
34
Let b = -2647 + 2661. Calculate the greatest common factor of 399 and b.
7
Let r = -91 - -226. Let z = r + -115. What is the highest common factor of 260 and z?
20
Suppose 19*o = -4*o + 6325. What is the greatest common divisor of o and 11?
11
Suppose 2*x - 2*v - 192 = 3*v, -5*x + 5*v = -435. What is the highest common factor of x and 891?
81
Let n = 13 + 1. Let a(v) = v - 12. Let y be a(n). Suppose 1120 = 5*f + y*f. What is the greatest common divisor of 20 and f?
20
Let a = 148 + 587. Suppose 8*x - a = -7*x. Let o = x - 26. What is the greatest common factor of 46 and o?
23
Let v(y) = 3*y**2 - 6*y + 5*y - 13 - 2*y - y. Let g be v(-2). What is the greatest common divisor of g and 119?
7
Let c = 56 - 104. Let k = c + 74. Suppose 0 = -5*t - 5, k = 2*b + t + 3*t. What is the highest common factor of b and 30?
15
Let w(z) = -177*z - 209. Let g be w(-2). Calculate the greatest common divisor of 696 and g.
29
Let q be ((9 - 9)/(-6))/(-2). Suppose -2*n + 3*c + 35 = q, 4*n - 138 = -3*c - 59. Calculate the greatest common factor of n and 133.
19
Suppose 245 = 5*x - d, 173*x - 124 = 170*x - 4*d. Calculate the greatest common factor of 1200 and x.
48
Let p(r) = r**3 + 6*r**2 - 3*r + 4. Suppose -3*j + j - 3*y = -15, -j - y + 7 = 0. Let b be p(j). What is the greatest common factor of b and 38?
38
Suppose 0 = -x - d + 184, -4*x - 18*d + 23*d = -790. Calculate the greatest common factor of x and 4085.
95
Suppose -459*b + 32004 = -445*b. Calculate the greatest common factor of b and 36.
18
Let r be 69/18 - (-2)/12. Suppose -5*a + 25 = r*w, -14 = -a + 5*w - 38. Let z be (-22)/22 - a*-151. What is the highest common factor of z and 15?
15
Let u be (204/54 - 4)/((-26)/468). What is the highest common factor of 4652 and u?
4
Let f be (39/(-9) + 6)*-3 - -279. Suppose 5*n + 3*k = f, 26*n + 4*k = 29*n - 176. Calculate the highest common divisor of n and 238.
14
Suppose -4*i - 2*t + 2 = 0, 3*t - 5 = 4*i - 2*t. Let l be (25 + -6)*(i - -3) + -2. What is the highest common divisor of l and 11?
11
Let w(d) = -d**3 - 9*d**2 - 13*d + 19. Let j be w(-6). Let h = 19 - j. Let c(k) = k**2 + 5*k + 9. Let t be c(-9). What is the highest common factor of h and t?
15
Let b(t) = -5*t + 35. Let m be b(-17). What is the greatest common factor of 14 and m?
2
Let h(u) = 345*u + 10983. Let t be h(-10). Calculate the highest common factor of t and 155.
31
Let p(y) = -3*y**3 - y**2 + 8*y + 9. Let m be p(-2). Suppose -25 = -3*s + 14. Calculate the highest common factor of s and m.
13
Suppose -40*g = 33*g - 29711. What is the highest common factor of g and 629?
37
Suppose 0*a - 44 = 2*a. Let c be (-6)/(-8) + (-16750)/(-536). Let v = a + c. Calculate the highest common divisor of v and 70.
10
Let m = 3734 - 1907. Calculate the highest common factor of 56 and m.
7
Suppose 0 = 1186*z - 1262*z + 2793076. What is the highest common divisor of 13 and z?
13
Suppose u + 2*u = -5*l + 37, l + 11 = 4*u. Suppose -l*f + 41 = -84. Suppose -18*r + 8945 = 42*r - 1555. Calculate the greatest common divisor of r and f.
25
Let g be (-8)/(-16)*0 - (-52)/(-2). Let d(y) = -y**3 + 6*y**2 + 7*y + 4. Let m be d(6). Let q = g + m. What is the greatest common divisor of 50 and q?
10
Let v(c) = 2*c**3 + 13*c**2 - 7*c + 9. Let x be v(-7). Suppose 0 = -4*i + 33 - x. What is the greatest common divisor of i and 2?
2
Let l = 2858 + -1753. Calculate the highest common divisor of l and 65.
65
Suppose 3*a - 343 = -6*a + 2*a. Calculate the greatest common factor of 1141 and a.
7
Let t be 12536/(-4) - 3/(-3)*-5. Let p = -1213 - t. What is the greatest common factor of 18 and p?
18
Suppose 13*l - 1190 = -4*l. Suppose 3*j - l = 35. What is the greatest common divisor of j and 28?
7
Let j be (39/(-195))/(1/(-45)). Let t(c) = c**2 - 9*c + 35. Let a be t(j). Calculate the highest common divisor of 140 and a.
35
Let q be (20/4 + -4)/((-1)/(-4)). Suppose -4*v + 40 + 10 = 2*p, 2*p = q*v - 70. What is the greatest common divisor of v and 21?
3
Let j = 468 - 464. Let v be (-31)/(j/(-27 + -5)). What is the highest common divisor of 8 and v?
8
Suppose 0 = 219*v - 217*v - 194. Suppose 0 = -9*o + 119 + v. Calculate the highest common divisor of o and 30.
6
Let o = -242 - -356. Suppose o = 3*x + 3*g, 5*g - 160 + 11 = -4*x. Let i be (205/(-10))/(1/(-2)). What is the greatest common factor of x and i?
41
Let u = -8959 - -9195. Calculate the highest common factor of u and 59.
59
Let r be (360/28)/(5/35). Let m(g) = 29*g - 7. Let o be m(8). What is the greatest common factor of o and r?
45
Let j(c) = -c + 11. Let d be j(8). Suppose 215 - 365 = -10*n. Suppose 2*o - s = s + 208, -n = d*s. Calculate the highest common factor of o and 11.
11
Let r = 3715 + -3590. What is the greatest common factor of r and 275?
25
Let p = 21543 + -21296. What is the greatest common divisor of p and 513?
19
Let x be 90/54 + 1/3. Suppose 2*p = -w - x*w - 1, 4*w - 14 = 5*p. Calculate the highest common divisor of w and 7.
1
Let m = -12969 - -13190. Calculate the highest common divisor of 34 and m.
17
Suppose 375*k - 42 = -2*t + 373*k, -3*t - k + 57 = 0. Let o be 1/((10/(-36))/(-5)). What is the highest common factor of o and t?
18
Let y = 1717 + -1096. What is the greatest common factor of y and 4761?
207
Let j(f) = -5*f - 5 - 10 - 4*f + 5*f. Let q be j(-5). Suppose 3*l - 75 = -3*g, 5*l - q = 2*